nd h?
12
Suppose -2 + 22 = -5*a - 5*c, a - 2*c + 1 = 0. Let k be (a - -6) + -4 + 13. What is the greatest common divisor of k and 48?
12
Let o be (-43)/(-1) - (0 - 2). Calculate the greatest common factor of o and 15.
15
Let f = 3 - -2. Suppose 3*s = 4*s + f. Let j = s - -8. Calculate the greatest common factor of 24 and j.
3
Let i be (27/6)/3 + (-41)/(-2). What is the highest common factor of 66 and i?
22
Suppose -27 + 75 = 4*q. Suppose 0 = 5*s - 3*w - 7, s + 3*w = 3 + 2. Suppose -s*h + 15 - 7 = 0. Calculate the highest common factor of h and q.
4
Let d be (2/(-3))/((-14)/1281). Let m = d + -37. What is the greatest common factor of 6 and m?
6
Let z(k) = -22*k - 2. Let y be z(-1). Calculate the highest common factor of 8 and y.
4
Let c = 326 - 150. Calculate the highest common factor of 16 and c.
16
Suppose -p = -3*p - 2, 2*p + 68 = -3*y. Let h = -70 - y. Let l be (h/20)/(1/(-5)). What is the highest common factor of 24 and l?
12
Suppose -2*d + 4*t - 3 = 5*t, 4*t + 8 = -4*d. Let n(u) = 32*u**2 + u + 1. Let l be n(d). What is the highest common factor of l and 4?
4
Suppose -2*x + 44 = -4*f, -4*x + 4*f + 74 = -x. What is the highest common factor of 15 and x?
15
Let g = 118 - 95. Calculate the highest common factor of g and 184.
23
Suppose 0 = -s + j + 8 + 1, -3*s = -5*j - 35. Calculate the highest common divisor of 40 and s.
5
Let n(v) = -v + 9. Let i be n(7). Calculate the greatest common divisor of 10 and i.
2
Suppose -4*i - 8 = 0, -c - 3*i = -5*i - 135. Suppose -5*o + c + 229 = 0. What is the greatest common divisor of 8 and o?
8
Suppose 128 = 4*f - 3*b, 8 = -2*b + 4*b. What is the highest common divisor of 14 and f?
7
Suppose -3*i = 4*b - 6*i - 95, -3*b + 5*i + 74 = 0. Calculate the highest common divisor of b and 23.
23
Let c = 20 - -50. Suppose 3*i = -2*i + c. Calculate the greatest common divisor of 7 and i.
7
Let g = -1 - -4. Suppose 48 = g*v - 60. Calculate the highest common factor of 24 and v.
12
Let x(j) = 2*j**2 + 3*j + 1. Let f be x(-4). Let u(q) = 1 + 4*q**3 - 3*q**3 - q + 2*q**3. Let i be u(1). Calculate the greatest common factor of i and f.
3
Suppose 5*w = 0, 2*c - 5*w = 3*c - 16. Suppose -3*k + 129 = -63. What is the highest common factor of k and c?
16
Suppose 0 = -3*g + 9, 4*q + g - 17 = -2*g. Calculate the highest common factor of 4 and q.
2
Let o be 18 + (-4)/(4/5) + 2. Calculate the greatest common factor of 75 and o.
15
Suppose -32 = -a - a. Calculate the greatest common factor of a and 40.
8
Let n be (-36)/(-15)*25/2. What is the greatest common factor of n and 75?
15
Suppose -5*q = -52 - 48. Suppose 5*i = -2*h + 298, -3*i = -5*h + 2*h - 183. Calculate the greatest common factor of q and i.
20
Let w = 23 - -54. Let j be 42/11 + 14/w. Suppose 2*t - 3*v = 17, -7*t + 65 = -2*t - 3*v. Calculate the greatest common factor of j and t.
4
Let i be 28 - ((-10)/(-4) - 16/(-32)). Calculate the greatest common factor of i and 10.
5
Let b be 2*(-5)/(20/(-26)). Calculate the highest common divisor of 26 and b.
13
Suppose -2*r + 5*z = -6*r + 657, -3*r + 495 = 3*z. What is the highest common factor of r and 24?
24
Let g = 12 - 13. Let t(y) = 3*y**2. Let z be t(g). Calculate the greatest common divisor of z and 2.
1
Let p = -3 - -14. What is the greatest common factor of 121 and p?
11
Let y(k) = k**2 + 4*k + 2. Let t be y(-4). Suppose t*c - 20 = 12. Calculate the greatest common divisor of 8 and c.
8
Let v be (2 + -1)*(0 - -2). Suppose 4*s + v*c = 35 + 109, -3*s + 118 = -c. Calculate the greatest common factor of s and 19.
19
Suppose -3*u + 2*u - 4 = -3*c, 4*u - 18 = -5*c. Let y(x) = 6*x + 4. Let p be y(c). What is the greatest common factor of p and 176?
16
Suppose 0 = 35*b - 34*b - 75. What is the greatest common divisor of b and 30?
15
Let i(g) = g - 10. Let o be i(12). Let f(s) = 5*s. Let y be f(o). What is the greatest common factor of 25 and y?
5
Let z = 71 - 52. Calculate the highest common divisor of 19 and z.
19
Let n(l) be the first derivative of -l**4/4 - 5*l**3/3 + 5*l**2/2 + 5*l - 1. Let g be n(-6). Let b = 14 + g. What is the greatest common factor of 175 and b?
25
Suppose -2*y + g = -31, -5*g - 10 = y + 2. Suppose -3*o + 120 = 3*p - 63, -5*p = -5*o + 345. Calculate the greatest common divisor of y and o.
13
Let u = -49 - -130. Let t = u + -41. Calculate the greatest common factor of 5 and t.
5
Let d(h) = -3*h**3 - 4*h**2 - 3*h - 1. Let j be d(-2). Suppose -2*q = -52 - 78. Calculate the highest common divisor of j and q.
13
Suppose -5*y = s - 77, y + 0*y - 21 = -3*s. Suppose 2*a = -0*a + 12. Calculate the highest common factor of y and a.
3
Let t = -51 - -80. What is the greatest common factor of t and 116?
29
Suppose -2*w - n - 1 = 0, 0*w - 3*n = 2*w + 7. Suppose 0 = j - 2. Let i = j - 1. Calculate the highest common factor of w and i.
1
Let d be (-8)/20 + -24*(-3)/5. Calculate the highest common divisor of d and 126.
14
Let t be 8/3*(-9)/6. Suppose 4*i + 1 = -47. Let n be (-1)/t + (-177)/i. Calculate the greatest common divisor of n and 75.
15
Suppose -2*f + 3*l + 50 = l, -2*l = 8. What is the greatest common divisor of 21 and f?
21
Let u(n) = 2*n - 2. Let w be u(2). Suppose -z = k - 19, 7*k - w*k - 5*z = 145. Calculate the greatest common factor of k and 16.
8
Let l be (18/4)/((-8)/(-16)). Calculate the highest common factor of l and 9.
9
Suppose n + 3*b + 59 = 2*n, -5*b = 3*n - 135. Suppose -72 = -l - 3*t, -t - 213 + 62 = -2*l. Calculate the highest common factor of l and n.
25
Suppose -3*v - 11 = -35. What is the greatest common divisor of 32 and v?
8
Suppose -50 = -2*x + 2*z, -z + 19 = x - 4*z. What is the greatest common divisor of x and 42?
14
Let g(l) = l**2 - 8*l - 3. Let q be g(12). Calculate the greatest common divisor of q and 9.
9
Let c(w) = -w + 66. Let m be c(0). Let b(k) = 18*k**2 - 2*k - 2. Let i be b(2). Let u = 110 - i. Calculate the greatest common factor of u and m.
22
Let w be (-24)/(-8) - (1 + 0). Suppose 0 = -3*o + 5*j + 200, 0 = -3*o + w*j + 123 + 92. Calculate the highest common factor of o and 15.
15
Let h(p) = -14*p + 4. Let g be h(-4). Suppose 4*m - 7 - 1 = 0, s = 3*m + 34. Calculate the greatest common factor of s and g.
20
Suppose 2 = -3*k - 1. Let s(b) = 133*b**2 + b. Let h be s(k). Let l = -15 - -27. Calculate the highest common divisor of l and h.
12
Let o = 4 - 5. Let y(n) = -n. Let m be y(-6). Let l = m - o. Calculate the highest common factor of l and 49.
7
Let p = -7 + 16. Calculate the greatest common divisor of 3 and p.
3
Let z = 15 + -15. Suppose 4*p = -0*p + 5*b, -2*p + 5*b - 10 = z. Let v = -6 + 11. Calculate the highest common divisor of v and p.
5
Let a = -6 - -2. Let f = a - -4. Suppose 2*l - 24 + 0 = f. What is the greatest common divisor of 48 and l?
12
Let t = 144 - 89. Suppose -4*r = 5*v - 69, 3*r + 3*v - 37 - 11 = 0. Calculate the highest common divisor of t and r.
11
Let j = -50 - -57. Calculate the greatest common factor of 7 and j.
7
Let z be (273/(-26))/((-1)/12). What is the greatest common divisor of 28 and z?
14
Let k(f) = f**2 - 2*f + 5. Let m be k(0). What is the highest common factor of 40 and m?
5
Suppose -o - 121 = -z - 0*o, -5*z = -2*o - 620. Calculate the greatest common divisor of z and 18.
18
Suppose -2 = -h + 2. Suppose 0*a + q = -4*a + 37, 4*a = q + 27. What is the greatest common factor of h and a?
4
Suppose -j - 30 = -2*p, 2 + 6 = p - 4*j. Suppose 5*f + 239 = -0*r + 2*r, r = -2*f + 106. What is the highest common factor of p and r?
16
Let q(k) = 6*k + 8. Let p be q(-7). Let z = 82 + p. Calculate the greatest common divisor of 32 and z.
16
Let b be (1 - 1)/(0 - -2). Let j(f) = 24 + 0*f**2 + f**2 + 1261*f - 1260*f. Let n be j(b). Calculate the highest common factor of n and 3.
3
Let a = -5 + 7. Suppose 0 = 3*i + 6, -d + a = -5*i + 10. Let z be (d/4)/(2/(-12)). Calculate the greatest common factor of 3 and z.
3
Let q = -5 + 8. Let o be (q/1 - 11)*-2. Calculate the greatest common divisor of 32 and o.
16
Suppose -2*q = 4*l + 236, 357 = -3*q - 0*q - 3*l. Let s = -72 - q. What is the greatest common divisor of 6 and s?
6
Let w be (-20)/(-90) + 68/18. Suppose b + 126 = w*b. Calculate the highest common divisor of b and 14.
14
Let x be 1/((-148)/36 - -4). Let p be (x/3)/(21/(-56)). Calculate the greatest common divisor of 12 and p.
4
Let x(b) = -11*b**3